eatest common divisor of 406 and 742.
14
What is the highest common divisor of 4 and 11?
1
What is the highest common factor of 440 and 200?
40
Calculate the highest common factor of 720 and 2600.
40
What is the greatest common divisor of 104 and 1261?
13
Calculate the highest common factor of 13 and 1053.
13
Calculate the highest common divisor of 42 and 483.
21
What is the greatest common factor of 33 and 14685?
33
Calculate the greatest common divisor of 51 and 476.
17
Calculate the greatest common divisor of 4961 and 121.
121
What is the highest common divisor of 84 and 13629?
21
What is the greatest common divisor of 291 and 3?
3
What is the greatest common divisor of 41 and 451?
41
Calculate the greatest common factor of 132 and 594.
66
Calculate the highest common factor of 5933 and 340.
17
Calculate the greatest common divisor of 104 and 3796.
52
What is the greatest common factor of 20 and 320?
20
Calculate the highest common divisor of 2479 and 37.
37
What is the highest common divisor of 2839 and 334?
167
What is the greatest common factor of 23 and 1909?
23
What is the highest common factor of 455 and 130?
65
Calculate the highest common factor of 28 and 31500.
28
Calculate the highest common factor of 34 and 14705.
17
What is the greatest common factor of 90 and 855?
45
What is the highest common divisor of 30 and 255?
15
Calculate the greatest common factor of 1394 and 34.
34
What is the highest common factor of 164 and 6191?
41
What is the highest common divisor of 115 and 115?
115
What is the greatest common divisor of 4 and 59?
1
What is the highest common divisor of 23691 and 159?
159
What is the highest common divisor of 384 and 2136?
24
Calculate the highest common divisor of 325 and 7865.
65
What is the greatest common divisor of 128 and 704?
64
What is the greatest common divisor of 528 and 297?
33
What is the highest common divisor of 4774 and 124?
62
Calculate the highest common divisor of 236 and 4.
4
Calculate the greatest common factor of 644 and 460.
92
Calculate the greatest common factor of 28 and 1400.
28
What is the greatest common divisor of 15 and 40?
5
What is the greatest common divisor of 21 and 224?
7
Calculate the highest common divisor of 112 and 10276.
28
Calculate the highest common divisor of 12 and 892.
4
What is the greatest common divisor of 19 and 18943?
19
Calculate the highest common factor of 448 and 56.
56
What is the highest common divisor of 451 and 82?
41
Calculate the greatest common factor of 200 and 2480.
40
What is the greatest common divisor of 16 and 3?
1
Calculate the highest common factor of 350 and 21700.
350
What is the highest common divisor of 19 and 323?
19
What is the highest common factor of 3468 and 60?
12
What is the greatest common factor of 12 and 57?
3
Calculate the greatest common divisor of 1577 and 19.
19
Calculate the highest common divisor of 84 and 126.
42
What is the greatest common divisor of 98 and 48461?
49
What is the greatest common factor of 35 and 21?
7
What is the greatest common factor of 333 and 180?
9
What is the greatest common factor of 648 and 567?
81
Calculate the greatest common divisor of 130 and 10920.
130
What is the highest common factor of 4508 and 138?
46
Calculate the highest common factor of 2 and 37.
1
Calculate the highest common factor of 343 and 14.
7
Calculate the highest common divisor of 6980 and 30.
10
Calculate the highest common divisor of 22544 and 16.
16
Calculate the greatest common factor of 28 and 12.
4
Calculate the highest common factor of 987 and 42.
21
What is the highest common divisor of 28897 and 284?
71
Calculate the greatest common divisor of 315 and 13440.
105
What is the highest common divisor of 38 and 57?
19
What is the highest common divisor of 1204 and 112?
28
Calculate the highest common factor of 3026 and 255.
17
What is the highest common factor of 170 and 25?
5
What is the highest common factor of 35 and 300?
5
What is the greatest common factor of 21 and 2723?
7
Calculate the highest common divisor of 92 and 276.
92
Calculate the highest common divisor of 44 and 374.
22
Calculate the greatest common factor of 192 and 1224.
24
What is the greatest common factor of 20 and 12?
4
Calculate the highest common divisor of 72 and 18342.
18
What is the highest common factor of 4 and 118?
2
Calculate the greatest common factor of 665 and 595.
35
What is the highest common divisor of 200 and 712?
8
What is the greatest common divisor of 45 and 9?
9
What is the greatest common divisor of 876 and 72?
12
What is the highest common factor of 3857 and 7?
7
Calculate the greatest common divisor of 561 and 51.
51
What is the greatest common factor of 24 and 30?
6
What is the greatest common divisor of 57 and 15?
3
What is the greatest common factor of 275 and 400?
25
What is the highest common factor of 1856 and 58?
58
What is the greatest common factor of 9 and 3438?
9
What is the highest common divisor of 578 and 68?
34
Calculate the highest common factor of 416 and 128.
32
Calculate the greatest common divisor of 114 and 54.
6
What is the greatest common factor of 8875 and 497?
71
Calculate the highest common divisor of 30 and 45.
15
Calculate the highest common divisor of 112 and 80.
16
Calculate the highest common factor of 10 and 220.
10
What is the greatest common factor of 160 and 25?
5
Calculate the greatest common factor of 208 and 65.
13
Calculate the greatest common factor of 5552 and 16.
16
Calculate the highest common factor of 35 and 112.
7
Calculate the highest common factor of 873 and 639.
9
What is the highest common divisor of 6501 and 99?
33
What is the greatest common factor of 198 and 264?
66
What is the greatest common factor of 236 and 59?
59
What is the greatest common divisor of 540 and 2940?
60
What is the greatest common factor of 272 and 48?
16
Calculate the greatest common divisor of 15 and 216.
3
What is the greatest common factor of 2 and 18?
2
Calculate the greatest common factor of 6375 and 15.
15
What is the highest common divisor of 10 and 2580?
10
Calculate the greatest common divisor of 2358 and 9.
9
Calculate the highest common factor of 615 and 60.
15
What is the greatest common factor of 49 and 2?
1
What is the greatest common factor of 240 and 120?
120
What is the highest common divisor of 46 and 13018?
46
Calculate the highest common factor of 96 and 3000.
24
Calculate the greatest common factor of 35 and 135.
5
Calculate the greatest common factor of 374 and 66.
22
What is the greatest common factor of 486 and 108?
54
What is the greatest common divisor of 5838 and 63?
21
Calculate the greatest common divisor of 608 and 32.
32
What is the greatest common divisor of 126 and 576?
18
What is the highest common divisor of 1765 and 15?
5
Calculate the greatest common factor of 560 and 120.
40
Calculate the greatest common factor of 352 and 11.
11
What is the greatest common divisor of 5 and 5?
5
Calculate the highest common factor of 133 and 38.
19
What is the highest common divisor of 1328 and 83?
83
Calculate the highest common divisor of 782 and 368.
46
What is the greatest common factor of 497 and 63?
7
What is the greatest common divisor of 15 and 885?
15
What is the greatest common divisor of 183 and 12?
3
What is the greatest common factor of 20 and 970?
10
What is the highest common factor of 112 and 77?
7
What is the greatest common divisor of 2 and 3?
1
What is the greatest common divisor of 170 and 1054?
34
Calculate the greatest common divisor of 396 and 216.
36
What is the greatest common factor of 44 and 3773?
11
What is the highest common factor of 16 and 5424?
16
Calculate the highest common factor of 91 and 91.
91
Calculate the highest common factor of 31776 and 64.
32
Calculate the greatest common divisor of 110 and 4565.
55
Calculate the greatest common factor of 85 and 1105.
85
Calculate the highest common divisor of 356 and 18334.
178
What is the greatest common divisor of 48 and 1888?
16
What is the highest common divisor of 7226 and 2?
2
What is the greatest common factor of 9 and 207?
9
What is the highest common factor of 30 and 321?
3
What is the greatest common divisor of 2057 and 901?
17
Calculate the highest common divisor of 376 and 30080.
376
Calcula